ulate the remainder when 56 is divided by 3.
2
What is the remainder when 244 is divided by 58?
12
Calculate the remainder when 518 is divided by 5.
3
What is the remainder when 220 is divided by 71?
7
What is the remainder when 260 is divided by 58?
28
What is the remainder when 22 is divided by 5?
2
What is the remainder when 1768 is divided by 51?
34
Calculate the remainder when 66 is divided by 60.
6
What is the remainder when 147 is divided by 23?
9
What is the remainder when 636 is divided by 13?
12
What is the remainder when 2852 is divided by 51?
47
What is the remainder when 487 is divided by 121?
3
Calculate the remainder when 4244 is divided by 118.
114
Calculate the remainder when 549 is divided by 131.
25
Calculate the remainder when 135 is divided by 62.
11
What is the remainder when 403 is divided by 91?
39
What is the remainder when 2589 is divided by 369?
6
Calculate the remainder when 1085 is divided by 23.
4
What is the remainder when 4052 is divided by 52?
48
Calculate the remainder when 558 is divided by 1.
0
What is the remainder when 85 is divided by 22?
19
What is the remainder when 153 is divided by 37?
5
Calculate the remainder when 138 is divided by 48.
42
What is the remainder when 3625 is divided by 39?
37
Calculate the remainder when 751 is divided by 13.
10
Calculate the remainder when 309 is divided by 41.
22
What is the remainder when 7865 is divided by 19?
18
What is the remainder when 2945 is divided by 29?
16
What is the remainder when 179 is divided by 15?
14
Calculate the remainder when 711 is divided by 23.
21
Calculate the remainder when 10244 is divided by 42.
38
Calculate the remainder when 48 is divided by 29.
19
Calculate the remainder when 119 is divided by 57.
5
Calculate the remainder when 824 is divided by 9.
5
What is the remainder when 116 is divided by 40?
36
Calculate the remainder when 112 is divided by 48.
16
What is the remainder when 80 is divided by 41?
39
What is the remainder when 386 is divided by 143?
100
What is the remainder when 92 is divided by 5?
2
What is the remainder when 77 is divided by 4?
1
Calculate the remainder when 1808 is divided by 79.
70
What is the remainder when 447 is divided by 16?
15
Calculate the remainder when 74 is divided by 26.
22
Calculate the remainder when 69006 is divided by 227.
225
Calculate the remainder when 21900 is divided by 181.
180
Calculate the remainder when 207 is divided by 56.
39
Calculate the remainder when 235 is divided by 58.
3
Calculate the remainder when 34 is divided by 7.
6
Calculate the remainder when 266 is divided by 84.
14
What is the remainder when 70 is divided by 34?
2
What is the remainder when 986 is divided by 52?
50
What is the remainder when 3335 is divided by 6?
5
Calculate the remainder when 100 is divided by 7.
2
What is the remainder when 523 is divided by 75?
73
What is the remainder when 936 is divided by 21?
12
Calculate the remainder when 511 is divided by 91.
56
Calculate the remainder when 13963 is divided by 147.
145
Calculate the remainder when 245 is divided by 69.
38
What is the remainder when 2035 is divided by 9?
1
Calculate the remainder when 890 is divided by 230.
200
What is the remainder when 746 is divided by 58?
50
Calculate the remainder when 2498 is divided by 25.
23
Calculate the remainder when 107 is divided by 32.
11
Calculate the remainder when 421 is divided by 132.
25
What is the remainder when 114 is divided by 24?
18
Calculate the remainder when 294 is divided by 288.
6
Calculate the remainder when 758 is divided by 309.
140
What is the remainder when 207 is divided by 77?
53
What is the remainder when 60 is divided by 13?
8
Calculate the remainder when 300 is divided by 109.
82
What is the remainder when 356 is divided by 44?
4
What is the remainder when 6 is divided by 4?
2
What is the remainder when 1477 is divided by 37?
34
What is the remainder when 1036 is divided by 251?
32
What is the remainder when 8265 is divided by 39?
36
Calculate the remainder when 118 is divided by 66.
52
Calculate the remainder when 936 is divided by 310.
6
What is the remainder when 418 is divided by 84?
82
What is the remainder when 1542 is divided by 34?
12
Calculate the remainder when 1829 is divided by 115.
104
Calculate the remainder when 47 is divided by 28.
19
Calculate the remainder when 1173 is divided by 38.
33
Calculate the remainder when 1366 is divided by 72.
70
What is the remainder when 1930 is divided by 121?
115
What is the remainder when 1559 is divided by 13?
12
What is the remainder when 636 is divided by 91?
90
Calculate the remainder when 21 is divided by 5.
1
What is the remainder when 232 is divided by 93?
46
What is the remainder when 65 is divided by 26?
13
Calculate the remainder when 1527 is divided by 85.
82
Calculate the remainder when 135 is divided by 18.
9
What is the remainder when 23373 is divided by 16?
13
What is the remainder when 39 is divided by 26?
13
What is the remainder when 119 is divided by 92?
27
What is the remainder when 1785 is divided by 294?
21
What is the remainder when 7134 is divided by 2372?
18
What is the remainder when 317 is divided by 108?
101
What is the remainder when 1453 is divided by 44?
1
Calculate the remainder when 109 is divided by 28.
25
Calculate the remainder when 472 is divided by 48.
40
Calculate the remainder when 2902 is divided by 481.
16
What is the remainder when 29 is divided by 9?
2
What is the remainder when 1428 is divided by 65?
63
Calculate the remainder when 172 is divided by 94.
78
What is the remainder when 260 is divided by 33?
29
Calculate the remainder when 201 is divided by 17.
14
Calculate the remainder when 76 is divided by 39.
37
Calculate the remainder when 2071 is divided by 104.
95
What is the remainder when 57 is divided by 15?
12
Calculate the remainder when 2364 is divided by 782.
18
Calculate the remainder when 401 is divided by 174.
53
Calculate the remainder when 658 is divided by 16.
2
What is the remainder when 559 is divided by 72?
55
What is the remainder when 22 is divided by 7?
1
What is the remainder when 169 is divided by 46?
31
What is the remainder when 6079 is divided by 64?
63
Calculate the remainder when 85 is divided by 26.
7
What is the remainder when 129 is divided by 36?
21
Calculate the remainder when 191 is divided by 87.
17
Calculate the remainder when 431 is divided by 123.
62
Calculate the remainder when 552 is divided by 139.
135
What is the remainder when 142 is divided by 33?
10
Calculate the remainder when 489 is divided by 14.
13
Calculate the remainder when 45 is divided by 29.
16
Calculate the remainder when 191 is divided by 47.
3
What is the remainder when 1461 is divided by 3?
0
Calculate the remainder when 135 is divided by 17.
16
What is the remainder when 679 is divided by 166?
15
What is the remainder when 157 is divided by 10?
7
Calculate the remainder when 69 is divided by 18.
15
What is the remainder when 115 is divided by 37?
4
What is the remainder when 45 is divided by 8?
5
Calculate the remainder when 33 is divided by 5.
3
What is the remainder when 1602 is divided by 528?
18
What is the remainder when 119 is divided by 57?
5
Calculate the remainder when 2848 is divided by 30.
28
What is the remainder when 81 is divided by 31?
19
What is the remainder when 767 is divided by 182?
39
What is the remainder when 467 is divided by 143?
38
What is the remainder when 183 is divided by 95?
88
Calculate the remainder when 48 is divided by 9.
3
Calculate the remainder when 960 is divided by 41.
17
What is the remainder when 12115 is divided by 60?
55
What is the remainder when 2578 is divided by 216?
202
What is the remainder when 9511 is divided by 432?
7
Calculate the remainder when 344 is divided by 14.
8
What is the remainder when 69 is divided by 10?
9
What is the remainder when 63 is divided by 22?
19
What is the remainder when 907 is divided by 27?
16
What is the remainder when 60 is divided by 25?
10
What is the remainder when 40 is divided by 8?
0
What is the remainder when 423 is divided by 108?
99
What is the remainder when 418 is divided by 103?
6
Calculate the remainder when 50 is divided by 27.
23
What is the remainder when 1162 is divided by 572?
18
W